ose 0 = -9*p + 4481 + 991. List the prime factors of p.
2, 19
Let x = 3 + -2. Suppose -h = -x, 5*f - h - 26 = 3*h. Let k(p) = -p**3 + 7*p**2 - 5*p + 4. List the prime factors of k(f).
2, 5
Let d = -1066 - -2448. List the prime factors of d.
2, 691
Let o be 36/(-8) + ((-14)/(-4))/(-7). Let l(z) = -5*z + 3*z**2 + 2*z**2 - 6*z**2 + 2. What are the prime factors of l(o)?
2
Let y(l) = l**2 + l - 19. Let p be y(-13). Let k(v) = 15*v - 6. Let i be k(-6). Let o = p + i. List the prime factors of o.
41
Let q(b) = 2*b**2 + 13*b + 24. Suppose -6*y + 5*y = 7. List the prime factors of q(y).
31
Suppose 34 = 4*u - 4*w - 218, -2*w = u - 60. Let a = u - 111. What are the prime factors of 1/(-7) - 1575/a?
2
Suppose 6*j - j - 2566 = -3*o, 3*o - 2569 = -2*j. List the prime factors of o.
857
Let s be (-354)/2 + (4 - 1). Let o = 17 - s. Suppose -o = 5*b - 506. List the prime factors of b.
3, 7
Let y(t) = -15*t - 4. Suppose -b = 5*k + 9, 2*b + 3*b - 5*k + 15 = 0. List the prime factors of y(b).
2, 7
Let w be 2/3 - (-203)/(-21). List the prime factors of (-2)/(-6) + (-2157)/w.
2, 3, 5
Let g(j) be the first derivative of 8*j**3/3 + 6*j + 7. Let m be g(9). What are the prime factors of (-3)/(-7) + m/42?
2
Let v = -128 - -54. Let h = v - -206. What are the prime factors of h?
2, 3, 11
Suppose 136 = h - 5*h. Let y = 71 + h. What are the prime factors of y?
37
Suppose -1874 - 358 = -6*c. List the prime factors of c.
2, 3, 31
Let v = 608 - 3. What are the prime factors of v?
5, 11
List the prime factors of ((-17)/5)/((-23)/9545).
17, 83
Suppose 0 = -0*o + 3*o - 522. List the prime factors of o.
2, 3, 29
Let k = -5 - -7. Let z(l) = 22*l**3 + 2*l**2 - l - 2. Let g be z(k). Suppose 0 = -x + 6*x - g. List the prime factors of x.
2, 3
Suppose -5*o + 10 = -0. Suppose 4*n + 5*m - 165 = 0, 4*m + m + 105 = o*n. List the prime factors of n.
3, 5
Let h = -16 + 9. Suppose -2*w = -4*w - 10. Let m = w - h. List the prime factors of m.
2
Let g = 93 + 143. List the prime factors of g.
2, 59
Suppose 3*v = 4*j + 360, 7*j + 363 = 3*v + 2*j. List the prime factors of v.
2, 29
Let p = -49 + 215. Let j = -77 + p. What are the prime factors of j?
89
Let v(h) = -12*h + 3. Let t(p) = -p**2 - 3*p + 5. Suppose -32 = 4*i + 3*x, 0*i - 4*x - 1 = -3*i. Let q be t(i). What are the prime factors of v(q)?
3, 7
Let s be 420*-1*((-2)/3 - 0). Suppose -16*p = -11*p - s. List the prime factors of p.
2, 7
Suppose 5*t + 0 = 10. Suppose 0 = 4*g - 3*g + t, 0 = d + g - 3. Suppose d*l + 72 = 9*l. List the prime factors of l.
2, 3
Suppose -59*u = -54*u - 45. Suppose -u*g - 7 = -10*g. List the prime factors of g.
7
Suppose -z - 2*r - 3*r = -1499, 4*r = -12. What are the prime factors of z?
2, 757
Suppose 12 = 4*c, 2*h + 5*c = h + 1989. What are the prime factors of h?
2, 3, 7, 47
List the prime factors of (-2)/5 - ((-9328)/20 + 2).
2, 29
Let r(i) = 2*i**3 + 2*i**2. Let w be r(-2). List the prime factors of (-594)/w - (-3 + -1)/(-16).
2, 37
Let w(o) = o**2 - 3*o - 2. Suppose 2*d = 4*m + m - 27, -m + 3 = 2*d. What are the prime factors of w(d)?
2
Let h = 3 + -3. Suppose 2*b - 149 + 29 = h. List the prime factors of b.
2, 3, 5
Let x(i) = -931*i**3 - i**2 - 6*i - 4. List the prime factors of x(-1).
2, 233
Let k = -81 + 81. Suppose k*z = -5*z + 205. What are the prime factors of z?
41
Suppose -5*f - a + 2844 = 0, -2*f + 23*a + 1124 = 20*a. What are the prime factors of f?
2, 71
What are the prime factors of (-62 - 6)*(-11)/22?
2, 17
Suppose 0 = 3*y - 6*y - 54. Let v = -42 - 1. Let f = y - v. What are the prime factors of f?
5
Let z be (-4)/(-18) + (-60)/27. Let l be 6 + (z - 1) - -15. Suppose -14 - l = -4*r. List the prime factors of r.
2
Suppose 0 = 3*z - 3*x - 2418, -z - 15*x + 815 = -19*x. What are the prime factors of z?
11, 73
Suppose 5*z + 7 - 147 = 0. What are the prime factors of z?
2, 7
Let f(c) = 4*c - 37. Let l(m) = -m + 9. Let z(s) = 2*f(s) + 9*l(s). Let t be z(8). What are the prime factors of (-10)/10 + (23 - t)?
23
Suppose -1869 + 8381 = 11*g. What are the prime factors of g?
2, 37
Let j = -204 - -342. Let w = j - 92. Let n = w - 23. What are the prime factors of n?
23
Suppose -10 = -5*z - 5. Let m be z/(4/8) + 0. What are the prime factors of 110/5*3/m?
3, 11
What are the prime factors of 4234 + (1 - 0)/((-40)/160)?
2, 3, 5, 47
Let i(o) be the third derivative of -7*o**4/24 - 11*o**3/3 + 2*o**2. What are the prime factors of i(-15)?
83
Let r = -37 - -42. Let u be (-3 - -2)*(-16)/4. What are the prime factors of (r - u)/(2/6)?
3
Let m(j) = 2*j**3 - j**2 + j. Let n be m(1). Let s be (-2 - 2)*(-9)/4. Let q = s + n. List the prime factors of q.
11
What are the prime factors of 5/(-5)*(-482 - 1/(-1))?
13, 37
Let y be (0*(-1)/(-2))/(-2). Suppose -3*d - 42 = -2*s - s, y = 3*s - 5*d - 46. What are the prime factors of s?
2, 3
Let f(v) = v**3 - 43*v**2 + 80*v + 126. Let s be f(41). Suppose 80 = -3*m + 23. Let c = s + m. List the prime factors of c.
5
Let x(b) = b**3 + 3*b**2 + b - 2. Let c be x(-2). Suppose -i + 3*l - 2 = c, 2*i + 3*l - 14 = -0*i. What are the prime factors of i?
2
Let p(s) = -s**3 + 16*s**2 - 45*s + 18. Let a be p(12). Suppose 4*f + 5*n = 5, -5*f + 0 - 3 = -3*n. Let l = f + a. What are the prime factors of l?
2, 3
Let z = -1193 + 1279. What are the prime factors of z?
2, 43
Let o(y) = -4*y**3 - y**2 + y + 1. Let i be o(-1). Suppose 20 = -4*s, -i*j + 5*s + 8 = -14. List the prime factors of 31/2 - j/(-2).
3, 5
Suppose -a - z = -5, -z - 14 - 5 = -5*a. Suppose -a*q + q = -615. List the prime factors of q.
5, 41
Suppose 0 = y - 4, -2*d - 2*y - 224 = -6*d. List the prime factors of d.
2, 29
Suppose 3*b + 9 = 3*l, -l + 13 = -3*b + 7*b. Let f(d) = -8*d + 23. Let n be f(-14). What are the prime factors of n/(l - 2) - -4?
7
Let f(a) = a**2 - 9*a + 5. Let y be f(9). Suppose -y*d + 217 = -28. Suppose -5*q + d = -41. List the prime factors of q.
2, 3
Let m(x) = x**2 - 2*x - 1. Let t be m(-2). Let n(p) = 6 + p - 7*p - p**2 + 2*p**2 + 4. What are the prime factors of n(t)?
17
Let t(g) = -2*g - 4. Let h(w) = -w**3 - 6*w**2 - 5*w. Let j be h(-5). Suppose j*v - 42 = 6*v. List the prime factors of t(v).
2, 5
Suppose 0*x - 1 = -x. Let m be ((-12)/14)/(x/(-14)). Let d = m + -10. What are the prime factors of d?
2
Let f = 5 - -2. Suppose 4*d = f*d - 24. What are the prime factors of d?
2
Let p be 70/(-15) + 2/3. Let u(l) = l + 4. Let f be u(p). List the prime factors of (-3 - f - -44) + -1.
2, 5
Let b = 15 - 14. Suppose -x - 3 = -b. What are the prime factors of 6 + x - (3 - 3)?
2
Let d(m) = 138*m**2 - 9*m - 10. What are the prime factors of d(-1)?
137
Suppose -2*z = 3*s - 1868, -7*s - 3*z + 1252 = -5*s. List the prime factors of s.
2, 5, 31
Let h(n) = 45*n**2 - 24*n - 22. What are the prime factors of h(-1)?
47
Let q = 703 - 408. List the prime factors of q.
5, 59
Let g(i) = 9*i**2 + 7*i + 29. Let j be g(-4). Let m = -88 + j. What are the prime factors of m?
3, 19
Suppose -7*v + 266 = -84. Suppose -2*h - 2 = q - v, 0 = -q + 2*h + 48. What are the prime factors of q?
2, 3
Suppose -3*m = o - m - 305, 3*o - 925 = -4*m. Suppose 2*g = -g - o. Let v = -69 - g. List the prime factors of v.
2, 3
Suppose -58*v - 8676 = -67*v. List the prime factors of v.
2, 241
Let u(v) = -v**2 + 13*v. Let q = -6 + 19. Let a be u(q). Suppose 4*w - 84 - 4 = a. List the prime factors of w.
2, 11
Let q = 6 + -2. Suppose -q*i - v + 118 = 0, -3*i - i - 2*v = -116. List the prime factors of i.
2, 3, 5
Suppose 5*n + 86 = -39. What are the prime factors of (22 + -3)/((-5)/n)?
5, 19
Let l(f) = -2*f - 3. Let x = -21 + 14. Let t = 0 + x. What are the prime factors of l(t)?
11
Let o be (4 + -2)*(-1 + 2). Let s be ((-4)/(-2))/(o/88). Suppose c - 5*c + s = 0. List the prime factors of c.
2, 11
Suppose 4248 = 48*v - 39*v. What are the prime factors of v?
2, 59
Suppose 292230 = -20*l + 110*l. What are the prime factors of l?
17, 191
Suppose -121 = -2*i + 215. Suppose -4*m - 2*a = -i, m - 26 - 16 = 3*a. What are the prime factors of m?
2, 3, 7
Let i be 0 + 4 + -4 + 3. Suppose 3*l - 2*g - 1276 = -2*l, i*l - 2*g = 768. List the prime factors of l.
2, 127
Suppose 0 = -l + 3*z, -4*z + 66 - 11 = -5*l. List the prime factors of (l - -12)*(-130)/6.
5, 13
Suppose -i = 2*i - 195. Suppose -5*y + 3*o = -i, -2*y + 10 + 16 = 2*o. Let j(t) = t**3 - 13*t**2 + t + 7. Wha